me factors of v.
2, 17, 233
Suppose -1556640 = -89*o - 31*o. List the prime factors of o.
2, 3, 23, 47
Let t = 410 - 377. Suppose 5*m - 1720 = -4*n - t, 4*m - 1355 = -5*n. What are the prime factors of m?
5, 67
Suppose 0 = 2*o - 0*y + 4*y - 2418, -o + 1209 = y. Suppose -2*g + 9*u + 1205 = 6*u, o = 2*g + u. List the prime factors of g.
2, 151
Suppose -103*v + 2617569 = -4692238. List the prime factors of v.
70969
Suppose -2*o = d + 49, 0 = -3*o + 8*o + d + 130. Let x be (-2)/((-6)/2563) + 9/o. Suppose -12*f = x - 2582. What are the prime factors of f?
2, 3
Let a(q) = 18*q - 1. Suppose 0 = 2*k + 2*k - 8. List the prime factors of a(k).
5, 7
Suppose k + 3*c - 16 = 0, 5*k - 39 = -c - 15. Suppose -2 = k*w - 14. Suppose -8*f + 445 = -w*f + 5*p, f = 5*p + 95. What are the prime factors of f?
2, 3, 5
Let d(b) = 110*b**2 - 47*b + 19. Let y(i) = 54*i**2 - 24*i + 9. Let v(u) = -2*d(u) + 5*y(u). List the prime factors of v(5).
7, 23
Let t = 98 + -195. Let a = t + 180. List the prime factors of a.
83
Suppose -48*d - 30288 = -146784. What are the prime factors of d?
3, 809
Suppose 0 = -2*k + 371 + 469. Suppose s + 6300 = 19*s. Suppose s = 7*n - k. List the prime factors of n.
2, 5, 11
Let j(l) = 131*l + 3922. List the prime factors of j(-24).
2, 389
Suppose 5*s - 49 = -q + 19, q + 4*s - 69 = 0. Suppose -v + q = -15. Let f = 90 - v. What are the prime factors of f?
2
Suppose 3*f + m = 4*f + 17, -2 = 2*m. Let l = -12 - f. Suppose l*a = -226 + 802. What are the prime factors of a?
2, 3
Let w = -1031 + 610. Let x = 665 + w. List the prime factors of x.
2, 61
Suppose -28*a = -422 - 334. Suppose a*p - 4671 - 1836 = 0. List the prime factors of p.
241
Let p(d) = 519*d**2 + 17*d - 160. What are the prime factors of p(6)?
2, 67, 139
Suppose 2*z + 20012 = 4*j, 4*j + 2408 - 22420 = 5*z. List the prime factors of j.
5003
Let n(w) = 3*w**2 + 6*w - 3. Let a be n(-3). Let v be (a/(-6))/(1/(-6)). Suppose -8*f + 24 = -v*f. List the prime factors of f.
2, 3
Let m(y) = 2*y**2 - 7*y + 1. Suppose 10*b = -0*b - 40. Let l be ((-16)/(-5))/(5/(-50)*b). List the prime factors of m(l).
73
Let a(j) = -j**3 - 16*j**2 + 34*j + 9. Let i be a(-19). Suppose -4*b + 1706 = -i. What are the prime factors of b?
2, 269
Let s(d) = d + 10. Let g be s(-4). Suppose 7*v - g*v = -13. Let x = 27 - v. List the prime factors of x.
2, 5
Let o(r) = 27*r**2 + 21*r + 94. Let y = 458 + -462. What are the prime factors of o(y)?
2, 13, 17
Let c = 500 - 114. Let a = -99 + c. What are the prime factors of a?
7, 41
Suppose -q + 14550 = 3*q - 11006. List the prime factors of q.
6389
Suppose 34097 + 16008 = 3*f - 15427. List the prime factors of f.
2, 43, 127
Let w(u) = -u**3 + 59*u**2 - 51*u - 181. What are the prime factors of w(58)?
3, 5
List the prime factors of 480426/14 + 316/(-2212).
2, 23, 373
Suppose 395 = i - 116. Let j = -342 + i. Let a = 255 - j. List the prime factors of a.
2, 43
Suppose 2*m + 3*q + 20 = 0, -5*m = -0*q - 2*q + 50. Let x be m - -6 - (2 - (98 - 2)). Let p = x + -73. List the prime factors of p.
17
List the prime factors of (-2)/(9 - 11)*6766.
2, 17, 199
Let s(z) = 7*z**2 + 35*z + 33. Let y be s(18). Suppose 6*v = y - 975. What are the prime factors of v?
2, 163
Suppose -3*n = -5*x - 286, 3*n - 240 = x + 26. Let v = 90 - n. Suppose -172 - 26 = -v*p. What are the prime factors of p?
2, 3, 11
Let z(w) = -w**3 + 8*w**2 + 69*w - 4. What are the prime factors of z(-34)?
2, 13, 1777
Let j(z) = z**3 - z**2 - z - 2. Let i = 16 + -14. Let h be j(i). Suppose -5*r + 370 = -h*r. What are the prime factors of r?
2, 37
Let g be (12 + -10 + 3/(-4))*116. Let m = g - -140. List the prime factors of m.
3, 5, 19
Let z(q) = -6*q**3 + 2*q**2 - 2*q - 5. Suppose 20*c - 30 = 26*c. What are the prime factors of z(c)?
5, 7, 23
Suppose 2*k - 30265 = 5*u, 0 = 2*u - 7 - 3. List the prime factors of k.
5, 13, 233
Let d = -61 - -60. What are the prime factors of ((-3)/(d + 2))/((-16)/1168)?
3, 73
Suppose 3*d + 1 = 3*a - 14, a + 3*d = 5. Suppose 0 = -3*z - 2*r + 1512 + 923, -3*r = a*z - 4060. List the prime factors of z.
5, 163
Let t(r) = 1164*r + 190. What are the prime factors of t(7)?
2, 11, 379
List the prime factors of (-15)/(-9)*14224/(-70)*-18.
2, 3, 127
Suppose -2*a = 0, 2*u + 3*a - 117051 = -3*u + 99884. List the prime factors of u.
43, 1009
Let u = 4037 + 985. List the prime factors of u.
2, 3, 31
Suppose 0*p = q - 2*p + 4, -3*q - p = 12. List the prime factors of (q - (-4 - -3)) + 1004.
7, 11, 13
Suppose l - 4*l - 366 = 3*x, 2*x + 226 = 4*l. Let k = 217 + x. Let s = 158 - k. List the prime factors of s.
2, 3, 5
Suppose 0 = t + t. Let d be (-4*28/(-16))/1. Suppose t = -5*p + 57 - d. What are the prime factors of p?
2, 5
Let o be -4 + 0/(-4) + 323 + 8. Suppose 0 = -x + 23 + o. List the prime factors of x.
2, 5, 7
Let t = -127 + 138. Let y(z) = 11*z + 71. List the prime factors of y(t).
2, 3
Let z = 22 + 1. Let f = 27 - z. Suppose 8*x = o + 3*x - 50, -x = -f*o + 124. What are the prime factors of o?
2, 3, 5
Suppose 3391 + 4289 = 20*a. Suppose 3*t = -4*y + 498, 2*t + t = 3*y - a. List the prime factors of y.
2, 3, 7
Let m be ((-3)/(-2))/(((-5)/(-216))/5). Let r be 0 + (-3)/4 + (-46089)/m. Let u = 233 + r. List the prime factors of u.
2, 3, 5
Let p(t) = 1824*t + 4. Let m be p(1). Let a = 1544 + m. List the prime factors of 2/(-17) + a/51.
2, 3, 11
Suppose -3*f + 5*b = -98674, -48*b + 49*b + 98678 = 3*f. What are the prime factors of f?
7, 37, 127
Let h = -32462 + 118361. What are the prime factors of h?
3, 11, 19, 137
Suppose 3*m - 4227 = -3*j, 196*j - 200*j + 3*m = -5678. Let s be ((-39)/4)/(6/(-16)). Suppose 21*i + j = s*i. List the prime factors of i.
283
Let q be (-3 - 243/6) + (-6)/(-4). Let d = q - -97. List the prime factors of ((-378)/8)/(-3 + d/20).
3, 7
Suppose 6*h + 20*t - 328719 = 17*t, 0 = -h + 2*t + 54779. List the prime factors of h.
5, 10957
Suppose 0 = 5*j + v - 1211, -2*v - 387 = -3*j + 350. What are the prime factors of j?
3
Let t(n) = 12*n - 13. Let r be t(-6). Let x = -137 - r. List the prime factors of -3*(x/6 + (-1 - 0)).
29
Let b = -221 + 368. Let y = b + -102. What are the prime factors of y?
3, 5
Let t be 59/(-5 + 9/2). Let v = t - 37. Let z = -19 - v. What are the prime factors of z?
2, 17
Let l(y) = -590*y - 524. What are the prime factors of l(-23)?
2, 11, 593
Suppose i + i + 2 = 0, -2*i + 2 = 4*t. Let r be (9/(-4))/((-11)/8 + t). What are the prime factors of (r/4)/(3/240)?
2, 3, 5
Suppose 4*p + 3 = -21, -g - 4*p + 19187 = 0. What are the prime factors of g?
19211
Let t(z) = 434*z - 67. Let c be t(8). Suppose -5*h + 870 = -c. What are the prime factors of h?
3, 5, 19
Let w(m) = 81 + 9*m + 11 + 100 + 82. What are the prime factors of w(38)?
2, 7, 11
Let m(d) = 16*d**2 + 1 - 3*d**3 + 3*d - 12 - 32*d**2 + 15*d**2. List the prime factors of m(-4).
3, 17
Let t(q) = -q**2 - 2*q. Let g(n) = 11*n**2 - 7*n + 14. Let x(u) = g(u) + 6*t(u). What are the prime factors of x(-13)?
2, 7, 79
Let u be (-217)/5 - (-4)/(-80)*12. List the prime factors of (-26917)/u - 3/(-12).
2, 3, 17
Let d be 4 - -16 - (0 + 1). Suppose 0 = -4*k - 20, -t = -0*k + 3*k - d. Suppose 0 = 7*s - 50 - t. What are the prime factors of s?
2, 3
Suppose 4*k = 6*k - 24. Let y be (-3)/(-4) + 5/20. What are the prime factors of (3 - k - -3)/(y/(-37))?
2, 3, 37
Let w = -2842 + 7791. What are the prime factors of w?
7, 101
Let y(u) = -u**3 - 6*u**2 + 2*u - 20. Let p be y(-8). Suppose -4*h + 5*k = 6 + 89, 5*h = k - 124. Let x = p - h. What are the prime factors of x?
3, 13
Let i = -7360 + 16874. What are the prime factors of i?
2, 67, 71
Let w(n) be the third derivative of 1/40*n**6 - 3/2*n**3 - 23*n**2 + 0 + 0*n**5 - 5/24*n**4 + 0*n. List the prime factors of w(4).
163
Let d(s) = s**3 + 11*s**2 + 10*s + 3. Let w be d(-10). Suppose -2*q + 3*i + 863 = 0, -4*i + 2*i - 1307 = -w*q. What are the prime factors of q?
439
Suppose -5*t - 36 = 184. Let x = -38 - t. What are the prime factors of (-345)/x*4/(-5)?
2, 23
List the prime factors of -34 + (-30990360)/(-520) + 2/13.
7, 67, 127
Suppose -6*r + 708 = -4*r. Let b = r - 234. Let i = b + 0. List the prime factors of i.
2, 3, 5
Let l be (1*0/5)/(0 - -3). Suppose l*w + 4*w - 1312 = 0. List the prime factors of w.
2, 41
Suppose -4*r + p = 5048, -6*r + 2524 = -8*r - 5*p. Let b = -747 - r. Lis